st common factor of 4191 and 2159?
127
Calculate the highest common factor of 424 and 34132.
212
Calculate the highest common divisor of 633 and 21100.
211
What is the greatest common factor of 2800 and 6608?
112
What is the greatest common factor of 21 and 501?
3
What is the greatest common factor of 28 and 872?
4
What is the highest common factor of 8037 and 18189?
423
What is the highest common factor of 366 and 6942?
6
What is the highest common divisor of 556 and 192237?
139
What is the greatest common divisor of 122 and 2575054?
122
What is the highest common divisor of 60 and 7044?
12
Calculate the highest common divisor of 273543 and 19.
19
What is the greatest common divisor of 12118 and 22?
2
Calculate the highest common divisor of 45 and 684840.
15
Calculate the greatest common factor of 3990 and 960.
30
Calculate the greatest common divisor of 100 and 925.
25
What is the greatest common divisor of 1575 and 21600?
225
Calculate the greatest common divisor of 5395 and 259375.
415
Calculate the greatest common factor of 669228 and 257.
257
Calculate the greatest common factor of 12 and 294966.
6
What is the highest common factor of 3277 and 2813?
29
What is the highest common factor of 1740 and 2460?
60
What is the highest common divisor of 214 and 3694?
2
What is the highest common factor of 928 and 638696?
232
What is the highest common factor of 50609 and 2431?
221
Calculate the highest common divisor of 9632 and 448.
224
Calculate the greatest common divisor of 7107 and 4944.
309
What is the highest common factor of 660035 and 1010?
505
Calculate the highest common divisor of 2627282 and 266.
266
Calculate the highest common factor of 13 and 82472.
13
What is the highest common divisor of 4493112 and 12?
12
Calculate the greatest common divisor of 46320 and 288.
48
Calculate the greatest common divisor of 28 and 756280.
28
Calculate the greatest common factor of 14066362 and 164.
82
Calculate the greatest common factor of 1859 and 2873.
169
Calculate the highest common factor of 184 and 96071.
23
What is the greatest common factor of 1715 and 4210?
5
Calculate the highest common factor of 193260 and 1500.
60
Calculate the greatest common factor of 48804 and 336.
84
What is the greatest common factor of 184 and 11912?
8
Calculate the highest common divisor of 2110348 and 1096.
548
Calculate the highest common divisor of 15 and 1869645.
15
What is the highest common divisor of 286 and 92994?
22
Calculate the highest common factor of 32447 and 6398.
457
Calculate the greatest common divisor of 190 and 121904.
38
Calculate the highest common divisor of 206 and 3170.
2
What is the greatest common factor of 18 and 839394?
18
Calculate the highest common divisor of 3249 and 9.
9
Calculate the highest common factor of 1232 and 10318.
154
What is the greatest common factor of 109218 and 12426?
654
Calculate the greatest common divisor of 85 and 16847.
17
What is the highest common divisor of 800223 and 101?
101
What is the greatest common divisor of 6727 and 133?
7
What is the highest common divisor of 66 and 884046?
6
Calculate the highest common factor of 25922 and 78.
26
What is the highest common factor of 1704 and 15384?
24
Calculate the highest common factor of 29773 and 19.
19
Calculate the greatest common divisor of 1710 and 33630.
570
Calculate the highest common divisor of 1109306 and 66.
22
Calculate the highest common factor of 4655 and 5.
5
Calculate the highest common divisor of 28 and 63483.
7
What is the greatest common divisor of 250 and 86625?
125
What is the highest common factor of 84 and 9974454?
42
Calculate the highest common factor of 15126 and 24.
6
What is the highest common factor of 3537 and 3753?
27
What is the greatest common factor of 872398 and 328?
82
What is the highest common factor of 335604 and 2?
2
What is the greatest common factor of 405 and 175905?
135
Calculate the highest common factor of 546 and 23.
1
Calculate the greatest common divisor of 9695 and 105.
35
Calculate the highest common factor of 23784 and 36.
12
Calculate the greatest common factor of 317832 and 38.
38
Calculate the greatest common factor of 573 and 730766.
191
Calculate the greatest common factor of 11280 and 630.
30
Calculate the highest common divisor of 358972 and 68.
68
Calculate the greatest common divisor of 3477 and 66673.
61
What is the greatest common divisor of 75609 and 542?
271
Calculate the greatest common factor of 126954 and 162.
54
What is the greatest common divisor of 7112214 and 444?
222
What is the highest common factor of 34434 and 18?
18
Calculate the greatest common factor of 46 and 358685.
23
What is the highest common factor of 14850 and 144?
18
What is the highest common divisor of 4167 and 243?
9
Calculate the highest common divisor of 126891 and 10421.
613
Calculate the greatest common divisor of 3404 and 3312.
92
What is the highest common divisor of 864 and 24736?
32
Calculate the highest common divisor of 2709 and 112.
7
Calculate the greatest common divisor of 1212 and 63428.
404
Calculate the greatest common factor of 23010 and 36285.
885
What is the highest common factor of 24 and 2477688?
24
What is the greatest common factor of 604413 and 18?
9
What is the highest common divisor of 4343 and 2322?
43
Calculate the highest common factor of 1220 and 215.
5
Calculate the greatest common divisor of 45 and 1024185.
15
What is the greatest common factor of 452436 and 740?
148
Calculate the greatest common divisor of 583 and 129797.
53
Calculate the highest common factor of 1176 and 18624.
24
Calculate the greatest common factor of 1773244 and 633.
211
What is the greatest common divisor of 34736 and 48?
16
Calculate the highest common divisor of 5802606 and 1346.
1346
Calculate the highest common divisor of 36893 and 934.
467
Calculate the highest common divisor of 120 and 103520.
40
What is the greatest common divisor of 3240 and 34380?
180
Calculate the greatest common divisor of 15630 and 1230.
30
Calculate the highest common divisor of 55496 and 664.
8
Calculate the greatest common factor of 195 and 29415.
15
Calculate the highest common factor of 684 and 882.
18
What is the highest common factor of 16907 and 754?
29
Calculate the greatest common factor of 123750 and 25.
25
Calculate the greatest common divisor of 98 and 6507984.
98
Calculate the greatest common factor of 469 and 25661.
67
What is the greatest common factor of 96 and 3228?
12
What is the greatest common factor of 826 and 124844?
118
What is the greatest common divisor of 7868 and 126?
14
What is the greatest common divisor of 81 and 206865?
9
What is the greatest common divisor of 1419 and 5863?
11
What is the highest common divisor of 17486 and 406?
14
What is the greatest common factor of 4790 and 625?
5
What is the highest common divisor of 56297 and 171?
19
What is the greatest common divisor of 153366 and 48?
6
What is the highest common divisor of 16 and 818536?
8
Calculate the greatest common divisor of 182 and 2165527.
91
Calculate the greatest common divisor of 450 and 2925.
225
What is the highest common divisor of 117 and 517140?
117
What is the greatest common divisor of 49729 and 446?
223
What is the greatest common divisor of 1260 and 50610?
210
Calculate the highest common factor of 3602 and 2.
2
Calculate the greatest common divisor of 67 and 38123.
67
Calculate the highest common factor of 1430 and 2574.
286
What is the highest common factor of 4719 and 1353?
33
Calculate the greatest common divisor of 66 and 319338.
6
Calculate the highest common divisor of 560 and 17536.
16
What is the greatest common divisor of 523823 and 197?
197
What is the highest common divisor of 3416 and 67954?
122
What is the greatest common divisor of 1252 and 1788482?
626
Calculate the highest common factor of 341 and 2827.
11
Calculate the highest common factor of 372 and 40951.
31
What is the greatest common factor of 12 and 1342956?
12
What is the highest common divisor of 9064 and 8888?
88
Calculate the highest common divisor of 291916 and 69.
23
What is the highest common divisor of 11089 and 71?
1
Calculate the highest common factor of 4741 and 63788.
431
Calculate the highest common factor of 27 and 85563.
27
What is the 